igit of t(1)?
5
Suppose 10*r - 497 = -437. What is the tens digit of ((-19944)/(-20))/r*5?
3
Let i be 8/6*((-3)/2 + 3). Let c = 0 + i. What is the units digit of 3 + c/(-9) + 2276/36?
6
Let v(j) = -24*j + 97*j - 18*j + 24 - 31*j. What is the units digit of v(2)?
2
Let w(j) = -1496*j + 3. Let b be w(-3). Suppose -b + 1563 = -6*d. What is the tens digit of d?
8
Let k be (-7)/(-4) + (-5)/(-20). Suppose 7560 = k*o + 10*o. Suppose -4*w - 3*w = -o. What is the units digit of w?
0
Suppose 8*d - 5397 = -1181. Suppose -519*b + d*b = 1440. What is the tens digit of b?
8
Let z(y) = y**2 - 13*y + 20. Let o be z(9). Let d = -13 - o. Suppose 16 = d*w - 242. What is the tens digit of w?
8
Suppose 0 = 4*w + 12, 2*w + 20 = -0*z - 2*z. Let s be 65 + -73 + 4/(-1). Let t = z - s. What is the units digit of t?
5
Let n be (-118 - -1) + 12/(-4). Let u = n - -305. Suppose 6*v - 343 = u. What is the tens digit of v?
8
Let g(z) = 39*z**2 + 44*z**2 - 5 - 84*z**2 - 45*z. What is the units digit of g(-21)?
9
Let x be (-7)/(-2) - 96795/(-30). Suppose -28*d + 38*d = x. What is the tens digit of d?
2
Let r be 28/(-70) - (-722)/5. Suppose -s + r = 5*s. Suppose n - 5*z + 0*z = 12, -2*n + s = 2*z. What is the units digit of n?
2
Let x be 6/54*-3*-3*1. Let c(y) = -x - 3*y**3 + y**2 - y - 53*y**3 + 0*y**2. What is the units digit of c(-1)?
7
Suppose 5*u = -5*g - 2060, 2*g = -g + 12. Let j be 7/(-5) + 1 + u/(-40). Let b(c) = 3*c - 9. What is the tens digit of b(j)?
2
Let r(n) = -4*n**3 - 18*n**2 - n - 111. What is the thousands digit of r(-13)?
5
Suppose 2*p = -3*r + 161542, 3772*p = 3776*p - 32. What is the tens digit of r?
4
Let r = 46 + -53. Let i(k) = 14*k + 6. Let a(l) = 27*l + 11. Let o(z) = r*i(z) + 4*a(z). What is the tens digit of o(8)?
8
Let r = 119 - 183. Let z = 420 + r. Suppose 10*j - z = 6*j. What is the tens digit of j?
8
Let y(i) = 0*i - i + 7*i**2 + 11 + 6*i - 9. Let c be y(2). Let v = c + 18. What is the units digit of v?
8
Suppose -15*y + 120481 = -114584. What is the ten thousands digit of y?
1
Let g(a) be the second derivative of -2*a**3 + 21*a**2/2 - 22*a + 2. What is the hundreds digit of g(-12)?
1
Suppose 4*a = c + 1846, -8*a + 1391 = -5*a - 4*c. Suppose -f + 2*b - 750 = -6*f, -3*f + b = -a. What is the tens digit of f?
5
Let z(l) = -l**3 + 17*l**2 - 14*l - 4. Let f be ((-20)/(-6))/((-1)/(-3)). Let u = f - -6. What is the tens digit of z(u)?
2
What is the ten thousands digit of -62639*(-5 + 9 - 5)?
6
Suppose 5*a = -5*k + 4*k + 16, -6 = -2*a. What is the hundreds digit of (-1390*k)/(25/(200/(-16)))?
6
Suppose 18*m = 21*m - 1452. Suppose 5*x = m + 116. What is the units digit of (63/15 - 3)*x?
4
Let i(m) = 255*m - 1841. What is the tens digit of i(30)?
0
Suppose 0*z + 3*z - 25763 = 19057. What is the tens digit of z?
4
Suppose 1231*p + 2 = 1232*p. Suppose -5*v + 3973 = -x, 5*v = p*x - 4*x + 3964. What is the units digit of v?
4
Let w = -35 - -37. Suppose -2*r = -4*j - 1092, -r - 546 = -w*r - 2*j. What is the hundreds digit of r?
5
Let p(r) = 275*r + 79. Let c be p(11). Suppose t = 7*i - 2*i - c, 0 = 4*t + 16. What is the tens digit of i?
2
Suppose -13*o = -10*o - 15. Suppose -z = o*u - 2583 - 470, -4*u + 2425 = -5*z. What is the hundreds digit of u?
6
Suppose -2*r = 4*f - 1277 - 1309, 3210 = 5*f - 2*r. What is the units digit of f?
4
Let k(l) = -2*l**2 + 22. Let b be k(0). Suppose 14*c = b*c - 13952. Suppose -7*n + 223 = -c. What is the tens digit of n?
8
Suppose -5*r - 6 = -4366. Suppose -r = -2*h + 704. What is the tens digit of h?
8
Let x = -330 - -1111. Suppose w - 3*k = x, -5*k = -3*w - 10*k + 2315. What is the units digit of w?
5
What is the tens digit of (-23947917)/(-3381) - 4/46?
8
Let l(x) = x + 26. Let b be l(-26). What is the tens digit of (1 + -91)/(b + -9 + 8)?
9
Let k(y) = 3*y + 14. Let s be k(-3). Suppose -n = 2*q - s*q - 13, 3*n - 5*q = 19. What is the units digit of n/(-4) + (-1053)/(-26)?
1
Let c be (-10580)/(-18) + (-64)/(-288). Let r = c + -366. What is the tens digit of r?
2
Let l(w) = 203*w**2 - 33*w + 357. What is the tens digit of l(9)?
0
Let g(c) = -402*c - 7. Let w be g(-8). Suppose 48*x + 5*i - w = 45*x, 5*x = -2*i + 5342. What is the hundreds digit of x?
0
Let q(i) = 52*i**3 + 9*i**2 - 13*i + 62. What is the thousands digit of q(6)?
1
Suppose 1491781 + 815539 = 160*l - 554120. What is the thousands digit of l?
7
Suppose 5*s + 4*v = v + 608, 3*v = -4*s + 484. Let p = -39 - -41. Suppose 2*o - s = -p*o. What is the tens digit of o?
3
Suppose -j + n - 69 = 0, j + 209 = -2*j + n. Let h be 3/(-9) - j/(-6). Let v = h + 157. What is the tens digit of v?
4
Let v(o) = -o + 2. Let q be v(4). Let s(f) = 22*f + 23. Let m(b) = 4*b + 4. Let h(g) = -34*m(g) + 6*s(g). What is the units digit of h(q)?
0
Suppose f - 2175 = t - 2*t, f - 2175 = -6*t. What is the hundreds digit of f?
1
Let r(n) = 184*n**2 + 2*n - 1. Let h(g) = -g + 1. Let w(l) = h(l) + r(l). Let d be w(-1). Let a = -129 + d. What is the units digit of a?
4
Suppose 3*p = n + 87339, -3*p + 67*n - 63*n = -87348. What is the tens digit of p?
1
Let p(o) = 3376*o**2 + 78*o + 112. What is the thousands digit of p(-3)?
0
Let w = -57546 + 97219. What is the ten thousands digit of w?
3
Suppose 6*b = b + y + 1043, 0 = -b - 4*y + 217. Let z = b + -313. What is the units digit of (z/(-48) + (-2)/12)*41?
2
Let z(w) = -49*w - 9. Let s be z(-2). Suppose s = -8*o + 2529. What is the tens digit of o?
0
Suppose 4*u - 102438 = 46*u. Let m = u + 4126. What is the tens digit of m?
8
Let j(y) = -308*y. Let u be j(-1). Let p(h) = -9*h + 101. Let g be p(-11). Let t = u - g. What is the units digit of t?
8
Let a = -4004 - -11278. What is the hundreds digit of a?
2
Suppose -18*r - 42152 + 153608 = 0. What is the units digit of r?
2
Let g(s) = -3*s**2 - 17*s - 3. Let o = -55 - -53. What is the units digit of g(o)?
9
Let y = 585 + 27474. What is the tens digit of y?
5
Let r be (-711)/(-243) - 4/(-54). Suppose -492 = -x + 4*w, 3*x - 1476 = -7*w + r*w. What is the units digit of x?
2
Suppose -10 = 4*o - 22. Let y be -3 + o/3*-22. Let b = y - -26. What is the units digit of b?
1
Let u = 9828 + 1898. What is the ten thousands digit of u?
1
Suppose -18*g + 42089 = 1013. Let t = -1314 + g. What is the tens digit of t?
6
Suppose -4*u + 2*p = 12, 9 - 16 = -5*u - 3*p. What is the tens digit of (0 - 11 - -1098)*(-1)/u?
8
Suppose -217*c + 283*c = 637230. What is the units digit of c?
5
Suppose -3*l - 39 = -3*k, 4*k - 69 = k - 3*l. Suppose k = -3*i + 6. Let q(r) = -r**3 - r**2 + 1. What is the units digit of q(i)?
9
Suppose -h - 51 + 56 = 0. Suppose 225 = k + t, -7*k = -h*k - t - 435. What is the tens digit of k?
2
Suppose -5*c - 609 = -2*a + 2793, 3*c = -5*a + 8567. What is the units digit of a?
1
Let a = 2 + 0. Let h be -3 - (7*-2)/a. Suppose -2*j - h*s + 20 = 2*j, 0 = 2*j - 4*s - 10. What is the units digit of j?
5
Let y(c) = 76*c**2 - 21. What is the thousands digit of y(15)?
7
Suppose -3*v = -4*w - 6187, 2*w + 10321 = -810*v + 815*v. What is the hundreds digit of v?
0
Let b(h) = 3*h**2 + 3*h - 47. Let s be b(5). Suppose 673 = 4*a - s. What is the hundreds digit of a?
1
Suppose -q + 9 = 4*h, q + q + 6 = 4*h. Suppose h*y - 3*y + t = 4, 4*t = -8. Let u(s) = s**3 + 6*s**2 - 4*s + 15. What is the units digit of u(y)?
9
Let s = 99363 + -51378. What is the tens digit of s?
8
What is the units digit of 80558/8 - ((-5)/50)/((-4)/30)?
9
Suppose -2*g = 4*q - 183000, 28899 = 2*q + 5*g - 62577. What is the tens digit of q?
5
Let v be 7 - 35/28*-4. Suppose -15*i + v*i - 1326 = -j, 0 = i. What is the thousands digit of j?
1
Suppose -24*v = -25*v + 7483. What is the thousands digit of v?
7
Suppose 5*v - 5*u - 77925 = 0, 11*u + 46757 = 3*v + 6*u. What is the hundreds digit of v?
5
Let h(y) = 7*y**2 + 10*y - 61. Let r be (4/(-6))/((-34)/306). What is the hundreds digit of h(r)?
2
Let q(v) = 164*v**2 + 800*v + 30. What is the tens digit of q(-13)?
4
Let j(f) = f**2 + 7*f + 2. Let s be j(-5). Let w be s/1 + -5 + 9. What is the units digit of 4920/70 + w/14?
0
Let z = 145 + -59. Suppose -2*x + 4 = -z. What is the units digit of (-3)/((-3)/(-4)) + x?
1
Suppose -s = 10*s - 55. Let m = 648 - 172. Suppose m = -b + s*b. What is the hundreds digit of b?
1
Let i(r) = 8*r**3 - 23*r**2 + 48*r - 324. What is the hundreds digit of i(10)?
8
Suppose